{"id":322,"date":"2024-06-25T05:02:14","date_gmt":"2024-06-25T05:02:14","guid":{"rendered":"https:\/\/atahla.org\/?page_id=322"},"modified":"2024-08-21T05:23:41","modified_gmt":"2024-08-21T05:23:41","slug":"problemas-de-lenguaje-3","status":"publish","type":"page","link":"https:\/\/atahla.org\/index.php\/servicios\/problemas-de-lenguaje-3\/","title":{"rendered":"Problemas de Lenguaje"},"content":{"rendered":"\n<div class=\"wp-block-cover alignfull has-parallax\" style=\"min-height:553px;aspect-ratio:unset;\"><span aria-hidden=\"true\" class=\"wp-block-cover__background has-background-dim-40 has-background-dim\" style=\"background-color:#000000\"><\/span><div class=\"wp-block-cover__image-background wp-image-323 has-parallax\" style=\"background-position:50% 50%;background-image:url(https:\/\/atahla.org\/wp-content\/uploads\/2024\/06\/Problemas-de-Lenguaje-4.jpg)\"><\/div><div class=\"wp-block-cover__inner-container is-layout-flow wp-block-cover-is-layout-flow\">\n<h2 class=\"wp-block-heading alignwide has-white-color has-text-color\" style=\"font-size:37px;line-height:1.2\"><em>Entendiendo los Problemas de Lenguaje<\/em><\/h2>\n\n\n\n<div class=\"wp-block-columns alignwide is-layout-flex wp-container-core-columns-is-layout-1 wp-block-columns-is-layout-flex\">\n<div class=\"wp-block-column is-layout-flow wp-block-column-is-layout-flow\" style=\"flex-basis:60%\">\n<p class=\"has-medium-font-size\">Los problemas de lenguaje en ni\u00f1os sordos pueden ser un desaf\u00edo significativo, afectando su capacidad para comunicarse y participar plenamente en la sociedad. En Atahla, nos especializamos en abordar estos problemas mediante programas integrales y personalizados que fomentan el desarrollo del lenguaje y la comunicaci\u00f3n efectiva.<\/p>\n\n\n\n<div class=\"wp-block-buttons is-layout-flex wp-block-buttons-is-layout-flex\">\n<div class=\"wp-block-button is-style-outline is-style-outline--548fc69f637d8b75f64da8ef5db15244\"><a class=\"wp-block-button__link has-text-color has-background wp-element-button\" style=\"color:#ffffff;background-color:#000000\">Cont\u00e1ctanos<\/a><\/div>\n<\/div>\n<\/div>\n\n\n\n<div class=\"wp-block-column is-layout-flow wp-block-column-is-layout-flow\"><\/div>\n<\/div>\n<\/div><\/div>\n\n\n\n<div class=\"wp-block-group alignfull is-layout-constrained wp-container-core-group-is-layout-2 wp-block-group-is-layout-constrained\" style=\"padding-top:6vw;padding-right:6vw;padding-bottom:6vw;padding-left:6vw\">\n<p class=\"has-text-color\" style=\"color:#000000;font-size:30px;font-style:normal;font-weight:700;letter-spacing:0px;line-height:0.9;text-decoration:none;text-transform:none\">Nuestra Misi\u00f3n<\/p>\n\n\n\n<p>Nuestra misi\u00f3n es empoderar a los ni\u00f1os sordos con las herramientas necesarias para superar sus problemas de lenguaje, permiti\u00e9ndoles integrarse plenamente en su entorno social y educativo. Creemos que cada ni\u00f1o merece la oportunidad de expresar sus pensamientos y emociones de manera clara y comprensible.<\/p>\n\n\n\n<div class=\"wp-block-group alignwide is-vertical is-nowrap is-layout-flex wp-container-core-group-is-layout-1 wp-block-group-is-layout-flex\" style=\"padding-top:0;padding-right:0;padding-bottom:0;padding-left:0\">\n<div class=\"wp-block-columns alignwide is-layout-flex wp-container-core-columns-is-layout-2 wp-block-columns-is-layout-flex\">\n<div class=\"wp-block-column is-layout-flow wp-block-column-is-layout-flow\" style=\"flex-basis:33.38%\">\n<p class=\"has-medium-font-size\"><strong>\u00bfC\u00f3mo lo Hacemos?<\/strong><\/p>\n\n\n\n<ol class=\"wp-block-list\">\n<li>Comenzamos con una <strong>evaluaci\u00f3n <\/strong>detallada de cada ni\u00f1o para identificar sus necesidades y dise\u00f1ar un <strong>plan <\/strong>de intervenci\u00f3n <strong>personalizado<\/strong>.<\/li>\n\n\n\n<li>Implementamos <strong>t\u00e9cnicas <\/strong>de terapia del lenguaje basadas en <strong>evidencia<\/strong>, adaptadas espec\u00edficamente para ni\u00f1os sordos, que <strong>promueven <\/strong>el desarrollo de <strong>habilidades comunicativas<\/strong>.<\/li>\n\n\n\n<li>Empleamos las \u00faltimas <strong>tecnolog\u00edas <\/strong>auditivas, para mejorar la capacidad de los ni\u00f1os para <strong>percibir <\/strong>y <strong>producir <\/strong>el lenguaje.<\/li>\n\n\n\n<li>Involucramos a las <strong>familias <\/strong>en el proceso terap\u00e9utico, proporcionando <strong>formaci\u00f3n <\/strong>y <strong>recursos <\/strong>para apoyar el desarrollo del lenguaje en el hogar.<\/li>\n\n\n\n<li>Trabajamos para que los ni\u00f1os se <strong>integren <\/strong>exitosamente en entornos <strong>educativos <\/strong>regulares, proporcionando apoyo continuo para asegurar su progreso acad\u00e9mico y social.<\/li>\n<\/ol>\n<\/div>\n\n\n\n<div class=\"wp-block-column is-layout-flow wp-block-column-is-layout-flow\" style=\"flex-basis:33%\">\n<figure class=\"wp-block-image aligncenter size-full is-resized\"><img loading=\"lazy\" decoding=\"async\" width=\"6240\" height=\"4160\" src=\"https:\/\/atahla.org\/wp-content\/uploads\/2024\/06\/Problemas-de-Lenguaje-2-1.jpg\" alt=\"\" class=\"wp-image-325\" style=\"width:400px;height:auto\"\/><\/figure>\n\n\n\n<figure class=\"wp-block-image aligncenter size-full is-resized\"><img loading=\"lazy\" decoding=\"async\" width=\"7999\" height=\"5333\" src=\"https:\/\/atahla.org\/wp-content\/uploads\/2024\/06\/Problemas-de-Lenguaje-3.jpg\" alt=\"\" class=\"wp-image-326\" style=\"width:394px;height:auto\"\/><\/figure>\n<\/div>\n\n\n\n<div class=\"wp-block-column is-layout-flow wp-block-column-is-layout-flow\" style=\"flex-basis:33.62%\">\n<p class=\"has-medium-font-size\"><strong>\u00bfPor Qu\u00e9 Invertir en Atahla?<\/strong><\/p>\n\n\n\n<ul class=\"wp-block-list\">\n<li>Tu <strong>donaci\u00f3n <\/strong>ayuda a mejorar la <strong>vida <\/strong>de los ni\u00f1os sordos, permiti\u00e9ndoles <strong>desarrollar <\/strong>habilidades de comunicaci\u00f3n esenciales para su integraci\u00f3n social.<\/li>\n\n\n\n<li>Utilizamos <strong>m\u00e9todos <\/strong>y <strong>tecnolog\u00edas <\/strong>de vanguardia para asegurar que nuestros programas sean efectivos y adaptados a las necesidades de cada ni\u00f1o.<\/li>\n\n\n\n<li>Nos comprometemos a utilizar los <strong>recursos <\/strong>de manera eficiente y transparente, <strong>garantizando <\/strong>que cada donaci\u00f3n tenga un <strong>impacto <\/strong>significativo.<\/li>\n<\/ul>\n<\/div>\n<\/div>\n\n\n\n<div class=\"wp-block-columns alignwide is-layout-flex wp-container-core-columns-is-layout-3 wp-block-columns-is-layout-flex\">\n<div class=\"wp-block-column is-layout-flow wp-block-column-is-layout-flow\" style=\"flex-basis:69%\">\n<figure class=\"wp-block-image size-full\"><img loading=\"lazy\" decoding=\"async\" width=\"5641\" height=\"3760\" src=\"https:\/\/atahla.org\/wp-content\/uploads\/2024\/06\/Problemas-de-Lenguaje-1-1.jpg\" alt=\"\" class=\"wp-image-324\"\/><\/figure>\n<\/div>\n\n\n\n<div class=\"wp-block-column is-vertically-aligned-center is-layout-flow wp-block-column-is-layout-flow\" style=\"flex-basis:33%\">\n<p class=\"has-large-font-size\"><strong>\u00danete a Nuestra Causa<\/strong><\/p>\n\n\n\n<p class=\"has-medium-font-size\">Tu apoyo es vital para continuar nuestro trabajo. Cada contribuci\u00f3n, grande o peque\u00f1a, nos ayuda a avanzar hacia un futuro donde todos los ni\u00f1os sordos tengan la oportunidad de comunicarse y participar plenamente en la sociedad. Invierta en Atahla y sea parte del cambio.<\/p>\n<\/div>\n<\/div>\n<\/div>\n\n\n\n<div style=\"height:31px\" aria-hidden=\"true\" class=\"wp-block-spacer\"><\/div>\n\n\n<div class=\"wpforms-container wpforms-container-full wpforms-block wpforms-block-dd12a3bf-3ae8-4821-9c43-f700545c0721 wpforms-render-modern\" id=\"wpforms-280\"><form id=\"wpforms-form-280\" class=\"wpforms-validate wpforms-form wpforms-ajax-form\" data-formid=\"280\" method=\"post\" enctype=\"multipart\/form-data\" action=\"\/index.php\/wp-json\/wp\/v2\/pages\/322\" data-token=\"16c0ded94b1891f9aa86a0ad54666944\" data-token-time=\"1776956197\"><div class=\"wpforms-head-container\"><div class=\"wpforms-title\">Platica con Nosotros<\/div><\/div><noscript class=\"wpforms-error-noscript\">Por favor, activa JavaScript en tu navegador para completar este formulario.<\/noscript><div id=\"wpforms-error-noscript\" style=\"display: none;\">Por favor, activa JavaScript en tu navegador para completar este formulario.<\/div><div class=\"wpforms-field-container\"><div id=\"wpforms-280-field_0-container\" class=\"wpforms-field wpforms-field-name\" data-field-id=\"0\"><fieldset><legend class=\"wpforms-field-label\">Name <span class=\"wpforms-required-label\" aria-hidden=\"true\">*<\/span><\/legend><div class=\"wpforms-field-row wpforms-field-medium\"><div class=\"wpforms-field-row-block wpforms-first wpforms-one-half\"><input type=\"text\" id=\"wpforms-280-field_0\" class=\"wpforms-field-name-first wpforms-field-required\" name=\"wpforms[fields][0][first]\" placeholder=\" \" aria-errormessage=\"wpforms-280-field_0-error\" required><label for=\"wpforms-280-field_0\" class=\"wpforms-field-sublabel after\">Nombre<\/label><\/div><div class=\"wpforms-field-row-block wpforms-one-half\"><input type=\"text\" id=\"wpforms-280-field_0-last\" class=\"wpforms-field-name-last wpforms-field-required\" name=\"wpforms[fields][0][last]\" aria-errormessage=\"wpforms-280-field_0-last-error\" required><label for=\"wpforms-280-field_0-last\" class=\"wpforms-field-sublabel after\">Apellidos<\/label><\/div><\/div><\/fieldset><\/div><div id=\"wpforms-280-field_1-container\" class=\"wpforms-field wpforms-field-email\" data-field-id=\"1\"><label class=\"wpforms-field-label\" for=\"wpforms-280-field_1\">Email <span class=\"wpforms-required-label\" aria-hidden=\"true\">*<\/span><\/label><input type=\"email\" id=\"wpforms-280-field_1\" class=\"wpforms-field-medium wpforms-field-required\" name=\"wpforms[fields][1]\" spellcheck=\"false\" aria-errormessage=\"wpforms-280-field_1-error\" required><\/div><div id=\"wpforms-280-field_3-container\" class=\"wpforms-field wpforms-field-select wpforms-field-select-style-classic\" data-field-id=\"3\"><label class=\"wpforms-field-label\" for=\"wpforms-280-field_3\">\u00bfDe qu\u00e9 servicio te gustar\u00eda saber m\u00e1s? <span class=\"wpforms-required-label\" aria-hidden=\"true\">*<\/span><\/label><select id=\"wpforms-280-field_3\" class=\"wpforms-field-medium wpforms-field-required\" name=\"wpforms[fields][3]\" required=\"required\"><option value=\"Clases de Computaci\u00f3n\"  class=\"choice-1 depth-1\"  >Clases de Computaci\u00f3n<\/option><option value=\"Artes Pl\u00e1sticas\"  class=\"choice-5 depth-1\"  >Artes Pl\u00e1sticas<\/option><option value=\"Oralizaci\u00f3n\"  class=\"choice-2 depth-1\"  >Oralizaci\u00f3n<\/option><option value=\"Problemas de Lenguaje\"  class=\"choice-3 depth-1\"  >Problemas de Lenguaje<\/option><option value=\"Problemas de Aprendizaje\"  class=\"choice-4 depth-1\"  >Problemas de Aprendizaje<\/option><\/select><\/div><div id=\"wpforms-280-field_2-container\" class=\"wpforms-field wpforms-field-textarea\" data-field-id=\"2\"><label class=\"wpforms-field-label\" for=\"wpforms-280-field_2\">Expl\u00edcanos a m\u00e1s detalle como podemos ayudarte <span class=\"wpforms-required-label\" aria-hidden=\"true\">*<\/span><\/label><textarea id=\"wpforms-280-field_2\" class=\"wpforms-field-medium wpforms-field-required\" name=\"wpforms[fields][2]\" aria-errormessage=\"wpforms-280-field_2-error\" required><\/textarea><\/div><\/div><!-- .wpforms-field-container --><div class=\"wpforms-submit-container\" ><input type=\"hidden\" name=\"wpforms[id]\" value=\"280\"><input type=\"hidden\" name=\"page_title\" value=\"\"><input type=\"hidden\" name=\"page_url\" value=\"https:\/\/atahla.org\/index.php\/wp-json\/wp\/v2\/pages\/322\"><input type=\"hidden\" name=\"url_referer\" value=\"\"><button type=\"submit\" name=\"wpforms[submit]\" id=\"wpforms-submit-280\" class=\"wpforms-submit\" data-alt-text=\"Enviando...\" data-submit-text=\"Enviar\" aria-live=\"assertive\" value=\"wpforms-submit\">Enviar<\/button><img loading=\"lazy\" decoding=\"async\" src=\"https:\/\/atahla.org\/wp-content\/plugins\/wpforms-lite\/assets\/images\/submit-spin.svg\" class=\"wpforms-submit-spinner\" style=\"display: none;\" width=\"26\" height=\"26\" alt=\"Cargando\"><\/div><\/form><\/div>  <!-- .wpforms-container --><\/div>\n","protected":false},"excerpt":{"rendered":"<p>Nuestra Misi\u00f3n Nuestra misi\u00f3n es empoderar a los ni\u00f1os sordos con las herramientas necesarias para superar sus problemas de lenguaje, [&hellip;]<\/p>\n","protected":false},"author":1,"featured_media":0,"parent":44,"menu_order":0,"comment_status":"closed","ping_status":"closed","template":"","meta":{"give_campaign_id":0,"_monsterinsights_skip_tracking":false,"_monsterinsights_sitenote_active":false,"_monsterinsights_sitenote_note":"","_monsterinsights_sitenote_category":0,"site-sidebar-layout":"default","site-content-layout":"","ast-site-content-layout":"default","site-content-style":"default","site-sidebar-style":"default","ast-global-header-display":"","ast-banner-title-visibility":"","ast-main-header-display":"","ast-hfb-above-header-display":"","ast-hfb-below-header-display":"","ast-hfb-mobile-header-display":"","site-post-title":"","ast-breadcrumbs-content":"","ast-featured-img":"","footer-sml-layout":"","ast-disable-related-posts":"","theme-transparent-header-meta":"","adv-header-id-meta":"","stick-header-meta":"","header-above-stick-meta":"","header-main-stick-meta":"","header-below-stick-meta":"","astra-migrate-meta-layouts":"default","ast-page-background-enabled":"default","ast-page-background-meta":{"desktop":{"background-color":"var(--ast-global-color-4)","background-image":"","background-repeat":"repeat","background-position":"center center","background-size":"auto","background-attachment":"scroll","background-type":"","background-media":"","overlay-type":"","overlay-color":"","overlay-opacity":"","overlay-gradient":""},"tablet":{"background-color":"","background-image":"","background-repeat":"repeat","background-position":"center center","background-size":"auto","background-attachment":"scroll","background-type":"","background-media":"","overlay-type":"","overlay-color":"","overlay-opacity":"","overlay-gradient":""},"mobile":{"background-color":"","background-image":"","background-repeat":"repeat","background-position":"center center","background-size":"auto","background-attachment":"scroll","background-type":"","background-media":"","overlay-type":"","overlay-color":"","overlay-opacity":"","overlay-gradient":""}},"ast-content-background-meta":{"desktop":{"background-color":"var(--ast-global-color-5)","background-image":"","background-repeat":"repeat","background-position":"center center","background-size":"auto","background-attachment":"scroll","background-type":"","background-media":"","overlay-type":"","overlay-color":"","overlay-opacity":"","overlay-gradient":""},"tablet":{"background-color":"var(--ast-global-color-5)","background-image":"","background-repeat":"repeat","background-position":"center center","background-size":"auto","background-attachment":"scroll","background-type":"","background-media":"","overlay-type":"","overlay-color":"","overlay-opacity":"","overlay-gradient":""},"mobile":{"background-color":"var(--ast-global-color-5)","background-image":"","background-repeat":"repeat","background-position":"center center","background-size":"auto","background-attachment":"scroll","background-type":"","background-media":"","overlay-type":"","overlay-color":"","overlay-opacity":"","overlay-gradient":""}},"_joinchat":[],"footnotes":""},"class_list":["post-322","page","type-page","status-publish","hentry"],"aioseo_notices":[],"campaignId":"","_links":{"self":[{"href":"https:\/\/atahla.org\/index.php\/wp-json\/wp\/v2\/pages\/322"}],"collection":[{"href":"https:\/\/atahla.org\/index.php\/wp-json\/wp\/v2\/pages"}],"about":[{"href":"https:\/\/atahla.org\/index.php\/wp-json\/wp\/v2\/types\/page"}],"author":[{"embeddable":true,"href":"https:\/\/atahla.org\/index.php\/wp-json\/wp\/v2\/users\/1"}],"replies":[{"embeddable":true,"href":"https:\/\/atahla.org\/index.php\/wp-json\/wp\/v2\/comments?post=322"}],"version-history":[{"count":2,"href":"https:\/\/atahla.org\/index.php\/wp-json\/wp\/v2\/pages\/322\/revisions"}],"predecessor-version":[{"id":409,"href":"https:\/\/atahla.org\/index.php\/wp-json\/wp\/v2\/pages\/322\/revisions\/409"}],"up":[{"embeddable":true,"href":"https:\/\/atahla.org\/index.php\/wp-json\/wp\/v2\/pages\/44"}],"wp:attachment":[{"href":"https:\/\/atahla.org\/index.php\/wp-json\/wp\/v2\/media?parent=322"}],"curies":[{"name":"wp","href":"https:\/\/api.w.org\/{rel}","templated":true}]}}